e 16) to base 13
883
-41024 (base 6) to base 9
-7377
-a0 (base 11) to base 7
-215
-3300 (base 4) to base 2
-11110000
What is 1000120221 (base 3) in base 8?
47221
What is -2424 (base 5) in base 8?
-554
What is 5264 (base 7) in base 6?
12335
Convert -1311123 (base 4) to base 13.
-3561
-11616 (base 11) to base 4
-10011023
What is 2230 (base 7) in base 3?
1002211
What is -6c4a (base 13) in base 14?
-57cc
-6f2 (base 16) to base 3
-2102212
Convert -2816 (base 9) to base 10.
-2121
2750 (base 13) to base 3
21201222
What is -25500 (base 7) in base 4?
-1221222
Convert 120120000 (base 3) to base 4.
2301030
What is -23 (base 7) in base 12?
-15
What is 683 (base 16) in base 5?
23132
What is -13347 (base 9) in base 12?
-528a
12a6 (base 13) to base 14
d8b
-3d8 (base 16) to base 7
-2604
What is -20122032 (base 4) in base 2?
-1000011010001110
-340 (base 10) to base 8
-524
Convert -53430 (base 7) to base 6.
-141203
14610 (base 8) to base 13
2c8a
Convert -1691 (base 12) to base 15.
-c01
-10001000001001 (base 2) to base 15
-28ad
What is -12b22 (base 12) in base 16?
-64ca
Convert -282 (base 9) to base 6.
-1032
Convert -224 (base 7) to base 13.
-8c
Convert 1212111 (base 3) to base 4.
111103
What is 20655 (base 9) in base 12?
7aa2
-357 (base 8) to base 6
-1035
Convert -1220100 (base 4) to base 14.
-2608
What is -bfa (base 16) in base 7?
-11640
Convert 2034 (base 6) to base 8.
706
Convert 371 (base 9) to base 13.
1a8
What is 68 (base 12) in base 13?
62
-3152 (base 8) to base 9
-2224
a9c0 (base 14) to base 9
44255
-1654 (base 11) to base 9
-2811
What is 65d (base 16) in base 15?
739
-615 (base 7) to base 10
-306
Convert 1835 (base 11) to base 5.
33322
Convert 906 (base 13) to base 14.
7b1
What is -12100 (base 7) in base 10?
-3136
What is -371 (base 15) in base 6?
-3341
What is 1210211 (base 3) in base 5?
20233
324 (base 6) to base 14
8c
d0 (base 14) to base 10
182
-81 (base 16) to base 7
-243
Convert -3b2 (base 13) to base 11.
-543
-10daa (base 15) to base 12
-270ba
What is 509 (base 11) in base 16?
266
What is 1753 (base 9) in base 3?
1211210
What is 512 (base 9) in base 15?
1cb
-5235 (base 6) to base 10
-1175
10001010001111001 (base 2) to base 9
117071
What is -157 (base 11) in base 2?
-10110111
Convert -12141 (base 6) to base 11.
-1387
Convert 11e (base 15) to base 3.
100102
Convert 2f51 (base 16) to base 6.
132025
Convert 26016 (base 8) to base 4.
2300032
What is 1021 (base 7) in base 12?
25a
Convert 14436 (base 7) to base 3.
12111000
-12012121 (base 4) to base 9
-37241
Convert a1a3 (base 11) to base 9.
20518
Convert -2055 (base 7) to base 8.
-1326
112122110 (base 3) to base 13
4b24
What is 18638 (base 12) in base 3?
1210122122
-15420 (base 14) to base 3
-2200122001
Convert -2063 (base 10) to base 11.
-1606
What is 5452 (base 8) in base 9?
3825
What is -16e (base 15) in base 8?
-511
3456 (base 10) to base 9
4660
What is 636 (base 8) in base 12?
2a6
What is -115341 (base 8) in base 3?
-2000101111
Convert -b4ae (base 15) to base 9.
-57342
Convert -7900 (base 15) to base 12.
-12a16
Convert -1110210211 (base 3) to base 5.
-1412040
What is 261d (base 14) in base 8?
15043
Convert 11343 (base 6) to base 10.
1647
What is -60826 (base 9) in base 8?
-116146
Convert a3 (base 14) to base 10.
143
6741 (base 14) to base 15
547d
What is -c14e (base 15) in base 11?
-28720
Convert -10022012001 (base 3) to base 9.
-108161
a16 (base 13) to base 4
122231
What is -1310022 (base 4) in base 13?
-34cb
Convert -3411 (base 6) to base 11.
-667
110110 (base 2) to base 7
105
What is -16056 (base 8) in base 6?
-53222
Convert -1211201 (base 3) to base 12.
-93a
Convert 4067 (base 10) to base 5.
112232
Convert -6607 (base 10) to base 16.
-19cf
Convert -110 (base 6) to base 7.
-60
a9b (base 14) to base 6
13413
Convert -5188 (base 9) to base 2.
-111011011110
144042 (base 5) to base 6
44243
6276 (base 10) to base 6
45020
Convert 100110111100 (base 2) to base 9.
3368
What is -23311311 (base 4) in base 2?
-1011110101110101
-1112100 (base 3) to base 8
-2134
What is -2742 (base 10) in base 4?
-222312
Convert 111011000 (base 2) to base 12.
334
Convert 2541 (base 6) to base 2.
1001111101
What is -2134 (base 7) in base 13?
-466
What is 101032033 (base 4) in base 11?
49000
What is -14a (base 14) in base 15?
-127
Convert -21672 (base 9) to base 6.
-150402
What is -511 (base 15) in base 7?
-3220
Convert 43a (base 14) to base 13.
4c4
Convert 144 (base 16) to base 12.
230
What is 1307 (base 9) in base 10?
979
-25606 (base 7) to base 6
-51321
725 (base 9) to base 4
21032
What is -308 (base 12) in base 6?
-2012
2e8 (base 16) to base 7
2112
Convert -54141 (base 7) to base 12.
-7953
What is -1212030 (base 4) in base 13?
-2c91
What is 72 (base 10) in base 8?
110
1212302 (base 5) to base 10
22827
-1730b (base 13) to base 5
-2410313
-3232 (base 6) to base 12
-518
What is -520 (base 11) in base 3?
-212020
14071 (base 8) to base 12
3709
Convert -133aa (base 15) to base 7.
-344356
-200222201 (base 3) to base 5
-420333
Convert -c20 (base 13) to base 11.
-15a8
-121455 (base 6) to base 13
-4b8c
What is 821 (base 15) in base 16?
727
6060 (base 9) to base 7
15624
11a (base 12) to base 3
20011
What is -1000000110100111 (base 2) in base 14?
-c14b
What is -221120 (base 3) in base 8?
-1262
Convert -1043 (base 15) to base 4.
-311232
-1119d (base 14) to base 11
-291a3
10110021121 (base 3) to base 5
4134002
What is -405 (base 11) in base 9?
-603
What is -5a (base 14) in base 4?
-1100
-1935 (base 11) to base 5
-34313
What is -66 (base 15) in base 8?
-140
-1c81 (base 14) to base 13
-24a9
-171 (base 13) to base 6
-1113
What is -222100 (base 3) in base 11?
-597
Convert 43 (base 8) to base 6.
55
What is -3856 (base 11) in base 6?
-35130
What is -101000000110 (base 2) in base 6?
-15514
Convert 11121200 (base 3) to base 13.
16bc
7454 (base 12) to base 5
401421
Convert -342 (base 13) to base 12.
-3a9
Convert 56 (base 11) to base 14.
45
-261 (base 8) to base 7
-342
What is -263a (base 11) in base 8?
-6547
What is 8245 (base 11) in base 8?
25273
Convert 6310 (base 10) to base 9.
8581
Convert b6a (base 15) to base 13.
1231
Convert -1010000 (base 3) to base 12.
-576
What is 1100110101 (base 2) in base 15?
39b
What is -26724 (base 11) in base 8?
-112375
What is -846 (base 10) in base 5?
-11341
What is 1631 (base 7) in base 14?
351
Convert -858b (base 12) to base 6.
-151455
What is 46451 (base 8) in base 2?
100110100101001
-12101 (base 5) to base 14
-485
Convert -13303 (base 5) to base 13.
-64c
-18553 (base 13) to base 15
-de1a
Convert 22150 (base 6) to base 15.
db0
What is -11101 (base 6) in base 11?
-1189
What is 23301 (base 4) in base 3?
1000220
Convert 413 (base 10) to base 7.
1130
What is 509 (base 11) in base 9?
752
Convert 7264 (base 15) to base 4.
11321221
What is 3c4b (base 14) in base 10?
10651
Convert 277 (base 15) to base 8.
1062
Convert -221645 (base 7) to base 3.
-1222121122
What is 27685 (base 10) in base 8?
66045
5582 (base 10) to base 2
1010111001110
Convert -d5b (base 15) to base 4.
-233003
What is -11133023 (base 4) in base 12?
-1100b
3596 (base 11) to base 14
19dd
What is -43023 (base 6) in base 15?
-1aec
What is -10204 (base 5) in base 13?
-403
Convert 10111111 (base 2) to base 7.
362
1012212 (base 3) to base 4
31313
Convert -211101 (base 3) to base 11.
-4aa
What is 353 (base 12) in base 9?
610
Convert -3cc (base 15) to base 12.
-603
1b61 (base 12) to base 5
102020
What is 9b (base 16) in base 6?
415
20313 (base 4) to base 10
567
Convert 1607 (base 11) to base 2.
100000010000
What is -455401 (base 7) in base 12?
-3ab61
10200 (base 4) to base 16
120
What is -1b8b (base 15) in base 11?
-4548
What is -1211232 (base 4) in base 10?
-6510
Convert 13693 (base 12) to base 16.
690f
-230 (base 8) to base 12
-108
338 (base 14) to base 12
452
Convert 702 (base 8) to base 16.
1c2
Convert -1166 (base 9) to base 5.
-11440
Convert -1001001110 (base 2) to base 7.
-1502
Convert 1962 (base 10) to base 5.
30322
1171 (base 14) to base 9
4146
-23335 (base 6) to base 12
-1b4b
Convert 5751 (base 8) to base 11.
2322
Convert -1ca (base 14) to base 9.
-455
What is -3567 (base 9) in base 4?
-221131
-2477 (base 14) to base 16
-18e9
Convert 55 (base 12) to base 15.
45
What is -23003 (base 4) in base 7?
-2030
Convert 617 (base 8) to base 10.
399
9eb (